*v**2 - 55*v**2 - 2*v + v. What are the prime factors of w(1)?
2
Let o be (-4 - 0 - -3)*3. What are the prime factors of -3 - (-24)/(2/(-24)*o)?
3, 31
What are the prime factors of (-1126)/(11/(22/(-4)))?
563
Suppose 0 = -3*u + 4 + 11. Let j = u - 2. Suppose j + 53 = 4*k. What are the prime factors of k?
2, 7
Let m(y) = -y + 97. List the prime factors of m(5).
2, 23
List the prime factors of ((-116)/58)/(2/(-2926)*2).
7, 11, 19
Suppose 4*o = 3*y - 0*o - 370, -2*o = -4*y + 480. What are the prime factors of y?
2, 59
Let t = 824 - 524. Suppose 10*u = -0*u + t. List the prime factors of u.
2, 3, 5
Let f(t) = -11*t + 23. Let r(h) = -5*h + 11. Let a(y) = -4*f(y) + 9*r(y). Let v be a(3). Let d = 21 + v. What are the prime factors of d?
5
Let g be (3 - (4 + 0)) + -50. Let c = -8 - g. Suppose 0 = -4*j + 41 + c. What are the prime factors of j?
3, 7
Let o = 7 + -3. Suppose -j - 2*f - 4 = 0, 12 = j - o*f - 2. Suppose -4*h = -16, -j*d - 2*d + 16 = -h. List the prime factors of d.
5
Let o(l) = 9*l**3 + 8*l**2 - 10. What are the prime factors of o(6)?
2, 11, 101
Let t(f) = -f**2 + 7*f + 10. Let b(n) = n**3 + 4*n**2 - 7*n - 6. Let d be b(-5). Suppose o - 3 = 0, 2*o + 8 = -2*p + d*p. List the prime factors of t(p).
2, 5
Suppose -3*h = -18 - 186. Suppose 2*f + 4*a = -a + h, 2*f - 60 = -3*a. List the prime factors of f.
2, 3
Suppose 10 = z - 0*z. Let a(h) = -5*h + 9*h - 5*h - 3*h - z. What are the prime factors of a(-12)?
2, 19
What are the prime factors of -6*((-966)/36 + 2)?
149
Suppose -9*n - 5*b + 1197 = -5*n, 4*n = 5*b + 1147. What are the prime factors of n?
293
Let u(a) = -10*a**2 + a + 3. Let d be u(4). Let k = 344 + d. What are the prime factors of k?
191
Suppose 5*x + 1450 = -3*m, -3*m + 7*m - 267 = x. Let q = -195 - x. List the prime factors of q.
2, 23
Suppose -u + 10 = 4*h, -u = 2*u - 2*h + 12. Let k be 20/u*2/5. Let s(r) = -6*r - 5. What are the prime factors of s(k)?
19
Let l(j) = 84*j**3 - 5*j**2 + 12*j - 15. What are the prime factors of l(2)?
661
Let b(k) = -5285*k**3 - 6*k**2 - k + 2. What are the prime factors of b(-1)?
2, 19, 139
Suppose 5*c = 14*s - 13*s + 7772, -5*c - 5*s + 7790 = 0. List the prime factors of c.
5, 311
Let n(q) = 3*q**3 + q**2 - 2*q + 1. Let a be n(-2). Let o = a - -16. What are the prime factors of -1 + (13 - 2) + o?
11
List the prime factors of ((-1)/(3/1))/((-2)/7356).
2, 613
Let h be 31 + (2 - 1) + 4. Suppose 4*m - 20 = h. List the prime factors of m.
2, 7
Let q(v) = -v**3 + 3*v**2 - 2. Let a be q(2). Suppose -340 = -a*g - r, -328 = -4*g - 4*r + 344. What are the prime factors of g?
2, 43
Suppose -13*y = y - 32550. List the prime factors of (1 - 0)*y/25.
3, 31
Let m(n) = -38 + n**3 + 44 - 21 + 14*n - 4*n**2. What are the prime factors of m(7)?
2, 5, 23
Let m(p) be the third derivative of -p**4/24 - 2*p**3/3 - 3*p**2. Let l(f) = -f**3 + 9*f**2 + 9*f + 2. Let v be l(10). What are the prime factors of m(v)?
2
Suppose -5*s + 2555 = 500. List the prime factors of s.
3, 137
Let j(i) = -2*i**2 + 8*i + 6. Let c(r) = 3*r**2 - 7*r - 5. Let d(t) = -3*c(t) - 4*j(t). Let l be d(-10). List the prime factors of (34/(-6))/(l/(-3)).
17
Let q = -16 + 9. Let h be -1 + 1 + (1 - q). Suppose -h*y - 74 = -10*y. List the prime factors of y.
37
What are the prime factors of (-8280)/(-20) - (1 + 0)?
7, 59
Let s(w) = -w**3 - 10*w**2 + 11*w + 10. Let l = -5 + -6. Let z be s(l). Let i = z - 3. List the prime factors of i.
7
Let x(t) = t**2 - 11*t - 28. Let o be x(18). What are the prime factors of (-2 + 1)*(-3 - o)?
101
Let o(y) = 126*y**2 - 12*y + 12. What are the prime factors of o(-3)?
2, 3, 197
Suppose 6*q - 3*q - 475 = -4*w, 2*w - 3*q - 215 = 0. List the prime factors of w.
5, 23
Let v be (-1)/(-4) - (-165)/(-20). Let x(d) = d**2 + 6*d - 11. Let k be x(v). Suppose 0*c = -k*c + 15. List the prime factors of c.
3
Let c(b) = 949*b**2 - 8*b - 8. List the prime factors of c(-1).
13, 73
Let r(v) = v**3 + 4*v**2 + 3*v. Let c be r(-3). Let f(n) = 15 - 2 - 7 - 3 + n**3. List the prime factors of f(c).
3
What are the prime factors of 3 - (-1)/(-3)*-597?
2, 101
Suppose 0*v + v = -3*q + 16, -2 = -q + 3*v. Suppose 0*y + 6 = -2*y, -37 = -h - q*y. What are the prime factors of h?
2, 13
Suppose 2*k = -3*k. Suppose -3*w = 4*a - 141, k*w - 47 = -w + 4*a. List the prime factors of w.
47
Suppose -70*n + 35*n + 93170 = 0. List the prime factors of n.
2, 11
What are the prime factors of (-36)/90 + (-6294)/(-10)?
17, 37
Let i(a) = 2*a**2 - 31*a + 20. Let z be i(15). Suppose -z*p + 2*j = -608, -j = -4*p - 2*j + 476. List the prime factors of p.
2, 3, 5
Suppose -5*g - 5*o = 0, -2 = -5*g - o - 2*o. Suppose 0*d - g = -3*n - d, -1 = n + d. What are the prime factors of n*((3 - 5) + 42)?
2, 5
Suppose 2*b - 5*h + 20 = 0, -2*b - 2*h + 8 = -6*b. Let g = b + 21. List the prime factors of g.
3, 7
Let v = -35 + 37. Suppose -v*j = j - 6. Suppose -4 = -j*z, -s - 5*z + 75 = -0*s. List the prime factors of s.
5, 13
List the prime factors of (-6)/((-48)/4)*6*407.
3, 11, 37
Let f = 180 + 105. Suppose f = 6*x - x. List the prime factors of x.
3, 19
Suppose 3*i + q - 736 = 0, -508 = -0*i - 2*i - 5*q. Let o = -154 + i. Suppose 2*m + 72 = 4*a, -3*a - 5*m = 2*a - o. List the prime factors of a.
2, 3
Let h = 21 + -18. Let j be (-2)/(-3) + 7/h. Suppose 58 = 2*x + j*s, -s + 4 - 8 = 0. List the prime factors of x.
5, 7
Suppose -4*z = z - 225. Let n = 93 - z. List the prime factors of n.
2, 3
Let j be 1*(2 + 4 + -7). List the prime factors of -4 + 17 - (-1 + j).
3, 5
Let t(n) = n**2 + 6*n - 3. Let a be t(-7). Suppose -a*w = -2*w. Suppose -2*k - 4*q = 2*k - 36, -k + 4*q + 34 = w. List the prime factors of k.
2, 7
Let i = -4 + 8. Suppose -3*p = 2*b - 331, 665 = 8*b - i*b + 5*p. List the prime factors of b.
2, 5, 17
List the prime factors of 207/345 - 9494/(-10).
2, 5, 19
Let j be 1/(-2)*0 - -69. Let g(a) = -a**2 - 27*a + 16. Let s be g(-23). Let m = s - j. List the prime factors of m.
3, 13
Suppose -3*m + 2*k = -1601, -5*m + 2670 = 4*k - 9*k. List the prime factors of m.
13, 41
Suppose -5*h + 0*h + 20 = 0. Suppose a - h*a = 102. List the prime factors of a/(-10) + (-6)/15.
3
Suppose -717 = -2*u - 2*u - 5*z, -369 = -2*u + z. Suppose -2*o + 5*o = u. List the prime factors of o.
61
Let p(u) = 23*u**2 + 14*u - 95. List the prime factors of p(5).
2, 5, 11
Suppose 2*v = 6*v + 16, -v + 160 = 2*y. Let k be y/4*6/3. Suppose -k = 2*r - 183. What are the prime factors of r?
71
Suppose -j = n + 3*j - 7, -3*n = j - 54. Suppose 0 = -i + 26 + n. What are the prime factors of i?
3, 5
Let o be 10/65 - (-1155)/13. Suppose 0 = 5*u - o - 41. What are the prime factors of u?
2, 13
Suppose 10 = -4*o + 18. Suppose o*g + i - 404 = 0, i = -g + 56 + 145. What are the prime factors of g?
7, 29
Let p(n) = -2*n - 10. Let o be p(-5). Suppose 5*f - 3*f - 136 = o. What are the prime factors of f?
2, 17
Let z be 22 + -21 + (2*1)/2. Suppose 2*q = z*u - 194, -q - q + 174 = 2*u. List the prime factors of u.
2, 23
Let f be ((-2)/(-6))/(7/(2793/7)). Let y = -72 - -132. Suppose -f*h - y = -22*h. What are the prime factors of h?
2, 5
Let r(m) = 24*m**2 - 34*m + 62. What are the prime factors of r(12)?
2, 5, 311
Suppose -11*h + 7*h = -20. Suppose h*q + 2*n - 205 = -3*n, -3*q + n + 135 = 0. List the prime factors of q.
2, 11
Suppose -2*g = -5*z + 30, 14 = -3*z + 4*z - 2*g. Suppose 2*d - z*d = -8. What are the prime factors of (-31 - 0)/(d - 5)?
31
Suppose 0 = 2*j + 3*a - 26 - 128, -4*j + 4*a + 288 = 0. Let m = 116 - j. List the prime factors of (m/(-2))/(-2 - -1).
3, 7
Suppose 8*j - 14*j = -2202. List the prime factors of j.
367
What are the prime factors of (8/6)/(4012/(-804) - -5)?
2, 67
Let j = 9 + 1. Suppose 245 = j*l - 3*l. What are the prime factors of l?
5, 7
What are the prime factors of (1 - 8) + (3 - 1 - -2325)?
2, 5, 29
Let u(g) = -10*g + 3. Let r(c) = 11*c - 2. Let b(n) = 2*r(n) + 3*u(n). List the prime factors of b(-2).
3, 7
Let j(u) = -2*u - 15. Let v be j(-9). Suppose 5*f + 154 = l - 3, 0 = -v*l + 4*f + 438. What are the prime factors of l?
2, 71
Let i = 37 + -3. Let d = 162 + i. List the prime factors of d.
2, 7
Suppose -3*r + 5*y = -20, y = -2*r - 3*y - 16. Suppose r = m + u - 5, -4 = -m - 4*u - 2. List the prime factors of (-1)/3 + 122/m.
2, 5
Let k = 700 + 1158. List the prime factors of k.
2, 929
Suppose -4*t